3
Let p be 26/(-39) - 2/(-3). Suppose -2*c = -p*c - 292. What is the hundreds digit of c?
1
Let o(y) be the second derivative of -y**5/20 - y**4/12 - y**3/6 + 12*y**2 - 26*y. What is the tens digit of o(0)?
2
Let a = 13 - 8. Suppose i = 2*h - 7, 5*h - a = 4*h + 2*i. What is the units digit of (-36)/(-3)*2/h?
8
Let y(m) = m + 12. Let t be y(-7). Suppose -4*f + 7*f - 215 = -4*x, x = -t*f + 41. What is the units digit of x?
6
Let l be (-1083)/(-12) - (-10)/(-8). What is the tens digit of l - ((-5)/(-1) - 2)?
8
Let w = 1069 + -199. What is the tens digit of w?
7
What is the units digit of (-2412)/(-14) - 6/(-21)*-1?
2
Suppose 7310 = -8*v + 13*v - 3*y, 0 = -3*v + 5*y + 4402. What is the thousands digit of v?
1
Let b(c) = -c**3 + 11*c**2 + 17*c - 17. Suppose 4*i = -8 + 56. Let l be b(i). Let d = -30 + l. What is the units digit of d?
3
Let p(d) = d**3 - 50*d**2 - 10*d - 42. What is the tens digit of p(51)?
4
Let k(y) = -y - 1. Let a(h) = -19*h**2 + 17. Let b(n) = -a(n) - 4*k(n). What is the units digit of b(3)?
0
Suppose 3*f = 421 + 827. What is the tens digit of f?
1
Let j = -139 - -291. Let l = j - 43. What is the units digit of l?
9
Let l be (1/((-5)/4))/(6/(-15)). What is the units digit of (-3*(-2)/(-3))/l*-7?
7
Let g be (-66)/(-4)*(-4 - (-50)/15). What is the units digit of (g/33)/(1/(-207))?
9
Let z(w) = -7*w**2 + 25*w**3 - 9*w - 26*w**3 + 0 + 1. Let q be z(-7). Suppose -l + 0*t + q = 5*t, 0 = -5*l + t + 216. What is the units digit of l?
4
Suppose -5*r = -381 - 359. What is the units digit of r - -1 - (2 + (4 - 3))?
6
Let h(y) = -y**3 - 7*y**2 - 3*y + 8. Let a be h(-6). Let v be (a + 9)/((-2)/6). Let n(i) = i**3 + i**2 + 3*i + 2. What is the tens digit of n(v)?
4
Suppose 2*y - 5*m = 25, -y + 7*m + 25 = 2*m. Let v be (y - -2)/((-6)/(-75)). Suppose -j - p + 15 = 0, 5*j - 90 - v = 5*p. What is the tens digit of j?
1
Let z be 133/9 + (-2)/(-9). Suppose 3*h = 37 - 43. What is the units digit of (z/(-2) - 2)*h?
9
Let k be (2 + -2)*3/(-27)*-3. Suppose -7*n + 11 + 17 = k. What is the units digit of n?
4
Let c = 502 + -256. What is the units digit of c?
6
Let c = -262 - -736. What is the tens digit of c?
7
Let p = 1636 + -567. What is the thousands digit of p?
1
Let s = 11 - 8. Let j(t) be the first derivative of 5*t**2/2 - t - 1. What is the units digit of j(s)?
4
Let z = 5123 - 2935. What is the units digit of z?
8
Suppose 0 = 4*t + 20, 4*z - 4*t - 1395 - 2533 = 0. What is the hundreds digit of z?
9
Suppose 24*v = 22*v + 38. Suppose -v - 21 = -5*s. What is the units digit of s?
8
Let d = 3222 - 2291. What is the tens digit of d?
3
Let o(l) = -3*l**3 - 12*l**2 - 3*l - 4. What is the hundreds digit of o(-11)?
5
Suppose 2*i = 5*v - 4315, 17*v - 3452 = 13*v + 2*i. What is the units digit of v?
3
Let o be (-14)/(-3) + 2 + 20/(-12). Suppose -201 - 199 = -o*n. What is the units digit of n?
0
Let q(x) = 62*x**2 - 15*x - 9. What is the thousands digit of q(-5)?
1
Suppose 0 = -2*y + 76 + 46. Let m = 104 - y. What is the units digit of m?
3
Suppose -51 = -3*n - 0*n. Let j = n - 13. Suppose -181 = -4*w + 3*z, j*z + 93 = 2*w + 3*z. What is the units digit of w?
9
Let g be (-18)/(-63) - 44/7. Let p be (12/(-8))/(g/20). Suppose p*a - 48 - 267 = 0. What is the units digit of a?
3
Let v = -81 + 87. Suppose 474 = 3*t + v*i - 3*i, 138 = t - 3*i. What is the tens digit of t?
5
Suppose 0 = -24*d + 11507 + 16669. What is the units digit of d?
4
Suppose 0 = 2*d + h - 230, -3*d = 2*d + 5*h - 585. Suppose -2*m = 5*s - 7*m - 605, -s + d = -5*m. What is the tens digit of s?
2
Let c = 114 + -112. Suppose -2*b + l = -309 - 152, -c*l = 5*b - 1148. What is the tens digit of b?
3
Suppose 6 = -2*c, -9*k + 14*k = 3*c + 17214. What is the tens digit of k?
4
Suppose 0 = -p + 4 + 8. Let m(l) = l**2 - 1. Let y be m(-2). Suppose 0 = 4*d - 0*d + p, -y*v + 9 = d. What is the units digit of v?
4
Let c be 3/(6/(-20))*76/8. Let w = c - -252. What is the hundreds digit of w?
1
Let z(y) = -7*y**3 + y**2 + y. Let b be z(-1). Let u(j) = -6*j - 6. Let w be u(b). Let g = -24 - w. What is the tens digit of g?
2
Let b = -459 + 801. What is the units digit of b?
2
What is the thousands digit of 2162 + 2 + (-6 - -2 - -7)?
2
Let r(t) = -1261*t**3 + 5*t + 5. What is the thousands digit of r(-1)?
1
Suppose -15*l + 11*l + 16 = 0. Let a(b) = 16*b**2 - 8*b + 11. What is the hundreds digit of a(l)?
2
Let r = -6 - -11. Suppose y - 2*g - 26 = 0, r*y + 2*g - 185 = g. What is the tens digit of y?
3
Let v(w) = w**3 - 10*w**2 + 2*w + 2. Let q(a) = -a**2 - 7*a + 4. Let l be q(-6). What is the tens digit of v(l)?
2
What is the units digit of (-2079)/(9 - 18)*70/6?
5
Suppose 0 = -m - 2*m + 1080. What is the tens digit of m?
6
Let f = -373 + 471. What is the tens digit of f?
9
Let q be (210/(-9))/2*3. Suppose 22 = 2*y + 18. What is the units digit of (-17 + y)*q/21?
5
Suppose -c + 12 = 4*d, -3*c + 0*c + 12 = 0. Let n(w) = 7 + 5*w**2 + w**d - 4*w**2 - 3*w - w**2. What is the tens digit of n(6)?
2
Let m = -23 + -44. Let l = 107 + m. What is the tens digit of l?
4
Let i = -2172 - -3075. What is the tens digit of i?
0
Suppose -j + 2*h + 153 = -310, 2*j + 2*h - 902 = 0. What is the hundreds digit of j?
4
What is the tens digit of ((-9)/((-108)/474))/(2/92)?
1
Let a = 527 + 1474. What is the hundreds digit of a?
0
Suppose 0 = i - 2*r - 11 - 0, -4*i = -3*r - 34. Let a = i - -47. What is the tens digit of a?
5
Let g be 2/(-3 - 380/(-125)). Suppose 5*k + g = 7*k - 2*m, 6 = 2*m. What is the tens digit of k?
2
What is the thousands digit of 3*-8*(-1)/12 - -1370?
1
What is the units digit of -216*((-23)/3 - -6)?
0
Let p be 2/(-8)*(-132)/11. Let i(t) be the second derivative of t**4/12 + t**3/2 + 2*t**2 - t. What is the tens digit of i(p)?
2
What is the thousands digit of (-14493)/(-6) - 18/(-36)?
2
Let m = 199 + 2069. What is the thousands digit of m?
2
Suppose 49 = -2*v + 9. Let z = -39 - v. Let a = -16 - z. What is the units digit of a?
3
What is the tens digit of 1/((5/(-1420))/(-1))?
8
What is the units digit of 1940 + (-16 + 4)/(-3) + -4?
0
Let y(j) be the third derivative of -11*j**4/8 - j**3/2 + j**2. Let s be y(-2). Suppose -s = -3*i + 3*v, 0 = -5*i + v + 73 + 32. What is the tens digit of i?
2
Suppose 75 + 25 = 4*l + 4*z, 2*l + 5*z = 65. Let g(t) = t**2 + 5*t + 4. Let w be g(5). Let n = w - l. What is the tens digit of n?
3
Let c(n) = -n**2 + 4*n - 2. Let y be c(2). Let u be (70 - y) + (-1)/(-1). Let h = -26 + u. What is the tens digit of h?
4
Let t(p) = -p**2 - 13*p - 2. Let n = 84 + 21. Let u be n/(-12) + 2/(-8). What is the tens digit of t(u)?
3
Let y(b) = -b**3 - 42*b**2 + 209*b + 106. What is the hundreds digit of y(-47)?
3
Let f be (1/(-2))/(85/(-20) + 4). Let z(m) = 27*m**3 + 2*m**2 - 8*m + 5. What is the units digit of z(f)?
3
Let f(c) = c**2 - c - 102. What is the thousands digit of f(-38)?
1
Suppose -25*g + 56406 = -11*g. What is the tens digit of g?
2
Let s(k) = 5*k - 6 - k - 2*k + 0. Let x be 2/((-5)/(-2) - 2). What is the units digit of s(x)?
2
Let q(x) = -x**2 + 8*x + 9. Suppose g + g - 16 = 0. What is the units digit of q(g)?
9
Let f be (-2 + 5 - 0)*-25. Let z be ((72/45)/(-4))/((-1)/295). Let n = f + z. What is the units digit of n?
3
Let i = -70 + 46. What is the hundreds digit of i/(-40) - (-737)/5?
1
Let c(z) = z**2 - 6*z + 138. What is the tens digit of c(27)?
0
Suppose -2*b = -80 - 2260. What is the thousands digit of b?
1
Let p(g) = -13*g + 0*g**3 + 7*g**2 + 1 + g**3 - 5 - g. What is the tens digit of p(-7)?
9
Let i(r) = r + 17. Let x be i(-8). Suppose -x*w = -w - 456. What is the tens digit of w?
5
Let f = 2493 + -1568. What is the units digit of f?
5
Suppose 0 = -2*x + j - 5*j + 32, -2*x = -5*j + 13. Let d = x + -6. Suppose d = 8*o - 771 + 211. What is the units digit of o?
0
Suppose -b - 23 = 115. Let w = b - -325. What is the units digit of w?
7
What is the tens digit of 70/105 - 25410/(-9)?
2
Suppose 0 = -2*w + 4*s + 1074 + 422, -3*s = -5*w + 3775. What is the hundreds digit of w?
7
Let x = -179 + 253. Let m = x - 28. What is the tens digit of m?
4
Suppose -5*j - 5*g = -0*g - 15, -3*j + g + 25 = 0. Suppose j*l = 2*l + 390. What is the units digit of l?
8
Suppose -2*r = r + 186. Let q = r + 87. What is the units digit of q?
5
Suppose -7*r + 2*r + 5*h = 2630, -3*r - 3*h - 1566 = 0. Let s = r